ite number?
False
Suppose 2*t - 4*r = t + 38, -3*t + r = -70. Is t composite?
True
Let m = -5 + 2. Let z(q) = 17*q + 1. Let h(f) = -17*f. Let a(j) = 3*h(j) + 2*z(j). Is a(m) a composite number?
False
Let p be (4/(-10))/(1/(-10)). Suppose -p*b + 5*b = 31. Is b a prime number?
True
Let a = -19 - -12. Let q be a*(-1 + (-15)/(-21)). Suppose -p = -6*p + 2*v + 25, 0 = q*p - 2*v - 16. Is p a prime number?
True
Suppose 2*t = 1 + 5. Suppose -c - 4*c = 2*b - 78, t*c + 3*b = 54. Is c a prime number?
False
Let r = -923 + 1992. Is r composite?
False
Suppose 2*f - 23 - 1 = 0. Is (-2 + 81/f)*8 a composite number?
True
Let y = -339 + 476. Suppose d - 3*i - y = 0, -d - i - 4*i + 153 = 0. Is d a composite number?
True
Suppose 3*r = -r + 8. Let i be 3 + ((-8)/r)/(-2). Suppose -4*o - i*g = -74, -2*o + g = 3*g - 38. Is o composite?
True
Let n = -266 - -429. Is n a prime number?
True
Let b be 3 + 0 + -1 - -6. Suppose -5*v - b = -28. Suppose -41 = -v*z + 63. Is z prime?
False
Suppose -g + 4*k = -4*g + 190, 2*k - 126 = -2*g. Let s = g + 15. Is s prime?
False
Let j(i) = -i**3 - 2*i**2 + 2*i - 1. Let p be j(-3). Let z be (-104)/18 - p/9. Is (z/9)/(2/(-177)) a composite number?
False
Let b(t) = -4*t - 2. Let u be b(-5). Let w(f) = 3*f - 6. Let o be w(6). Suppose -x - 2*x - d = -o, -d + u = 5*x. Is x a composite number?
False
Let m(g) = g - 10. Let q be m(9). Is q/1 - -1*288 composite?
True
Suppose 4*g - 2*q - 67 - 89 = 0, g - 3*q - 49 = 0. Is g a composite number?
False
Suppose 0 = -v + n + 23 - 1, 87 = 4*v - 5*n. Is v prime?
True
Suppose 4*g = -4*z, 4*g + z - 3 = -2*z. Is -79*(3 - g - 1) prime?
True
Let w = -4853 + 10394. Is w prime?
False
Suppose 2 = 2*s, 0 = x + s - 5*s - 465. Is x a composite number?
True
Is 195/10 + (-2)/4 prime?
True
Suppose 4*j + n - 563 = 608, 0 = j + 5*n - 269. Is j/8 + 3/12 composite?
False
Suppose y - 22 + 6 = -5*u, -u = y - 4. Suppose 0 = -5*l + 2*a + 3*a, u*a = 0. Let d(r) = -r + 31. Is d(l) a prime number?
True
Let w be ((-1290)/4)/(1/(-2)). Let l = -316 + w. Is l composite?
True
Let a(h) = 29*h**3 - 2*h**2 + 2*h - 1. Let i be a(1). Let z = -14 + i. Is z a prime number?
False
Suppose -2*u = -47 + 17. Suppose h + u = 346. Is h a prime number?
True
Suppose 5*j + 17 = -68. Let n = j + 66. Is n a prime number?
False
Suppose 0 = 3*u + 5*b + 79, -5*u + 3*b = -0*u + 75. Is u/(-8) - 2/8 a prime number?
True
Let w = 1618 - 747. Is w a prime number?
False
Suppose 0*x - 2*x - 6 = 0. Let k = 1 - x. Suppose -f + 2 + k = 0. Is f a composite number?
True
Let g(s) be the third derivative of 7/24*s**4 + 1/120*s**6 + 0*s - 1/10*s**5 + 4*s**2 + 0 - 5/6*s**3. Is g(6) a prime number?
True
Let q(m) = -21*m. Suppose 0 = -2*a + 3*a + 5*o - 15, 4*a = o - 3. Let w be 0/(-4) + a + -1. Is q(w) prime?
False
Suppose 1042 = 2*a - 0*a. Is a a composite number?
False
Let z(o) = -o**3 + 4. Let k be z(4). Let t = k - -88. Suppose -t = -3*d - w, d + w + 32 = 4*d. Is d a composite number?
True
Let b(c) = -c. Let d be b(-3). Let g be (3 + -4)/(-1) + 3. Let a = d + g. Is a prime?
True
Suppose -2*y + 0*a + 998 = 4*a, -a = -2*y + 998. Is y prime?
True
Suppose 6*z = -380 + 4586. Is z composite?
False
Let f(s) = 18*s**2 + 4*s + 1. Let l(h) = -h - 1. Let o(c) = f(c) + 2*l(c). Is o(-3) a composite number?
True
Suppose -s = -44 + 11. Is s a composite number?
True
Suppose 4*k = -20, -7*k - 132 = 4*d - 3*k. Is (d/(-6))/2*57 composite?
True
Let g(q) = -21*q - 4. Let f(y) = -41*y - 7. Let l(n) = -3*f(n) + 5*g(n). Is l(1) a composite number?
False
Suppose 8 = 5*p - p. Suppose 0 = 5*l + 2*x - 120, 7 = p*x - 3. Is l a composite number?
True
Let c = 108 + -62. Is c prime?
False
Is 1/(-2) + (0 - (-8775)/10) a prime number?
True
Let j(w) = -w**2 - 5*w + 6. Let v be j(-6). Let n = -65 + 120. Suppose h = -v*h + n. Is h a composite number?
True
Let w(t) = 10*t**2 - 8*t + 11. Is w(-7) composite?
False
Suppose -5*x = -20 - 10. Let u(b) = 19*b**2 - 7*b - 7. Is u(x) prime?
False
Let k be 126/15 + (-4)/10. Suppose -2 = 3*i + 5*q, 0 = -3*i + 3*q + 22 + k. Is 400/6 + 2/i composite?
False
Let j be ((-108)/16)/(3/(-72)). Let s(f) = 120*f + 1. Let h be s(2). Let i = h - j. Is i a prime number?
True
Let s(m) = 13*m**2 - 17*m - 13. Is s(12) a prime number?
False
Suppose -4*f = 2*y - 9*f - 2063, -5*y - 2*f = -5201. Is y composite?
False
Suppose -x + 0 + 56 = q, -5*x = 2*q - 277. Is x composite?
True
Let x(q) = -3*q**3 + 0*q + 6*q**2 + 4*q**3 - 2 + 2*q + 0*q. Is x(-4) composite?
True
Suppose 153 = p - 104. Is p a prime number?
True
Let t(w) be the second derivative of w**4/12 - w**3/3 + 2*w**2 + 2*w. Suppose -15 = -3*l - 0. Is t(l) composite?
False
Suppose -5 = -3*p + 1. Suppose 0*t = -3*v + 2*t + 53, -p*v - 3*t + 44 = 0. Is v a prime number?
True
Suppose 0 = 2*m - 325 - 279. Is m a composite number?
True
Suppose -5*k = -1445 - 30. Is k composite?
True
Let l be (-11*63/3)/1. Is l/(-4) + (-1)/(-4) prime?
False
Suppose t - 5*z = 667, t = -z + 6 + 637. Is t a prime number?
True
Suppose -2*u = -6*q + 3*q + 400, -q + 3*u = -131. Is q a prime number?
False
Suppose 182 = 3*r - 22. Suppose 3*c - r = 46. Is c composite?
True
Suppose -4 - 2 = -3*m. Is (22 - (m + -2)) + -3 a composite number?
False
Let n(t) = t**3 - 5*t**2 + 5*t + 3. Let b be n(4). Suppose 5*l - 377 = -b. Is l a prime number?
False
Let t = 307 + 4. Is t a composite number?
False
Suppose 3*w - 2*w - 5*a = -30, -w - 4*a + 6 = 0. Let b(r) = 0*r - 12*r + 1 + 0 - r**3 - 11*r**2. Is b(w) a composite number?
True
Suppose 4*d = 3*d. Suppose i + 131 - 15 = 3*j, d = -j - i + 36. Is 2*j*3/12 a prime number?
True
Suppose 0*f + f + 147 = -5*x, 2*x = 5*f + 708. Is (-3)/(-2) + f/(-4) composite?
False
Let w be ((-371)/(-4))/(1/(-4)). Is (-3)/3 - -3 - w a prime number?
True
Suppose z + 0*z - 4*g - 25 = 0, -5*g - 40 = -3*z. Suppose -o + 1 - z = 0. Let n = 11 - o. Is n a composite number?
True
Suppose 4*f - 2*f - 4 = 0. Suppose w + 10 = f*w. Suppose 0 = -4*r + 2 + w. Is r prime?
True
Is ((-2)/(-8))/((-6)/(-2472)) a prime number?
True
Suppose 0 = v + 3 - 2. Let g be v/(-2) + (-66)/4. Let u = 10 - g. Is u a prime number?
False
Suppose 0 = -2*j - 4, -3*l = 2*j - 155 - 135. Let h = l - 43. Is h a composite number?
True
Suppose 0 = -5*a + 918 - 173. Is a a prime number?
True
Let t = 233 + -84. Is t a prime number?
True
Suppose -8*m + 5222 = -21602. Is m a prime number?
False
Let a be (35/(-21))/(1/(-3)). Suppose -a*q + 4*q = -49. Is q prime?
False
Is ((-2)/(-6))/(17/1216707) a prime number?
True
Let c = 15 + 4. Let r = c - -16. Is r a prime number?
False
Let t = -454 - -1757. Is t a composite number?
False
Suppose -j = a - 1, -3*j - 2*a = 3*a - 5. Suppose 4*s = 4*l - 72, 87 = 4*l + s - j*s. Is l composite?
True
Let p(l) = -10*l + 6. Let c be p(-5). Suppose y - 1 + c = 0. Is y/(-1 + 0 + 0) composite?
True
Suppose 165 - 593 = -2*g. Is g composite?
True
Let k(l) be the second derivative of -l**7/2520 - l**6/720 + l**5/12 - l**4/12 - 2*l. Let q(v) be the third derivative of k(v). Is q(0) a composite number?
True
Suppose -v + r = -14 - 173, 4*r = 5*v - 939. Is v a prime number?
True
Suppose 27*q - 1082 = 25*q. Is q a prime number?
True
Let m(o) = -187*o + 19. Is m(-6) a composite number?
True
Let t(v) = 13 + 2*v**2 + 0 + 99*v - 110*v. Is t(6) composite?
False
Suppose -5*z - 6 + 101 = 0. Is (1 + -4)*(2 - z) composite?
True
Suppose 90 = -0*j + 5*j. Is ((-184)/(-6))/(12/j) prime?
False
Suppose 2 = h - 2. Is (-1 - 0)/(h/(-28)) composite?
False
Let u = -759 - -3516. Is u a prime number?
False
Suppose 0 = -4*i - 4*l - 208, 0 = -5*i + i - 3*l - 206. Let x = -24 - i. Is x a composite number?
True
Suppose -6390 = -2*y + 4*o, -6*o + 4*o - 12810 = -4*y. Is y composite?
True
Let s(x) = 3*x + 3. Let h be s(-3). Let k be (2/h)/(1/(-6)). Let v(y) = 12*y**2 + y - 1. Is v(k) a prime number?
False
Let h(u) = 54*u - 5. Is h(6) a prime number?
False
Suppose 2*m + 25 = -3*m. Let j = m - -6. Is ((-14)/4)/(j/(-14)) composite?
True
Let o(r) = -3*r + 2. Let t be o(-2). Is ((-4)/t)/(1/(-170)) a composite number?
True
Let j = 4 + -6. Let r be -5 + 2 + (-2 - j). Is (-40)/r - 2/6 composite?
False
Suppose -4*r + 0*r = 8, 2*m + 30 = 3*r. Let g = m + 44. Is g composite?
True
Suppose 4*m - 49 = 43. Is m composite?
False
Is 612/5 - (216/40 + -6) prime?
False
Suppose -6*x + 2*x - 4*d = -4004, -1013 = -x - 4*d. Le